{"id":15,"date":"2025-11-29T22:15:42","date_gmt":"2025-11-29T22:15:42","guid":{"rendered":"https:\/\/orthopedagogue30-84.fr\/?page_id=15"},"modified":"2026-03-16T22:05:23","modified_gmt":"2026-03-16T22:05:23","slug":"contact","status":"publish","type":"page","link":"https:\/\/orthopedagogue30-84.fr\/?page_id=15","title":{"rendered":"Contact"},"content":{"rendered":"\n<pre class=\"wp-block-code\"><code><br><br><\/code><\/pre>\n\n\n<style id=\"wpforms-css-vars-274\">\n\t\t\t\t#wpforms-274 {\n\t\t\t\t--wpforms-field-border-color: rgba(0, 0, 0, 0.25);\n--wpforms-field-border-color-spare: rgba(0, 0, 0, 0.25);\n--wpforms-field-text-color: rgba(0, 0, 0, 0.7);\n--wpforms-label-color: rgba(0, 0, 0, 0.85);\n--wpforms-label-sublabel-color: rgba(0, 0, 0, 0.55);\n--wpforms-button-background-color: #0693E3;\n--wpforms-container-padding: 0px;\n--wpforms-container-border-width: 1px;\n--wpforms-container-border-radius: 3px;\n--wpforms-background-color: rgba(0, 0, 0, 0);\n--wpforms-field-size-input-height: 43px;\n--wpforms-field-size-input-spacing: 15px;\n--wpforms-field-size-font-size: 16px;\n--wpforms-field-size-line-height: 19px;\n--wpforms-field-size-padding-h: 14px;\n--wpforms-field-size-checkbox-size: 16px;\n--wpforms-field-size-sublabel-spacing: 5px;\n--wpforms-field-size-icon-size: 1;\n--wpforms-label-size-font-size: 16px;\n--wpforms-label-size-line-height: 19px;\n--wpforms-label-size-sublabel-font-size: 14px;\n--wpforms-label-size-sublabel-line-height: 17px;\n--wpforms-button-size-font-size: 17px;\n--wpforms-button-size-height: 41px;\n--wpforms-button-size-padding-h: 15px;\n--wpforms-button-size-margin-top: 10px;\n--wpforms-container-shadow-size-box-shadow: none;\n\t\t\t}\n\t\t\t<\/style><div class=\"wpforms-container wpforms-container-full wpforms-render-modern\" id=\"wpforms-274\"><form id=\"wpforms-form-274\" class=\"wpforms-validate wpforms-form wpforms-ajax-form\" data-formid=\"274\" method=\"post\" enctype=\"multipart\/form-data\" action=\"\/index.php?rest_route=%2Fwp%2Fv2%2Fpages%2F15\" data-token=\"797221acf697eac72ad1ed88b1dce1a7\" data-token-time=\"1775577532\"><noscript class=\"wpforms-error-noscript\">Veuillez activer JavaScript dans votre navigateur pour remplir ce formulaire.<\/noscript><div id=\"wpforms-error-noscript\" style=\"display: none;\">Veuillez activer JavaScript dans votre navigateur pour remplir ce formulaire.<\/div><div class=\"wpforms-field-container\"><div id=\"wpforms-274-field_5-container\" class=\"wpforms-field wpforms-field-name\" data-field-id=\"5\"><label class=\"wpforms-field-label\" for=\"wpforms-274-field_5\">Nom <span class=\"wpforms-required-label\" aria-hidden=\"true\">*<\/span><\/label><input type=\"text\" id=\"wpforms-274-field_5\" class=\"wpforms-field-medium wpforms-field-required\" name=\"wpforms[fields][5]\" aria-errormessage=\"wpforms-274-field_5-error\" required><\/div>\t\t<div id=\"wpforms-274-field_1-container\"\n\t\t\tclass=\"wpforms-field wpforms-field-text\"\n\t\t\tdata-field-type=\"text\"\n\t\t\tdata-field-id=\"1\"\n\t\t\t>\n\t\t\t<label class=\"wpforms-field-label\" for=\"wpforms-274-field_1\" >Commentaire Nom E-mail<\/label>\n\t\t\t<input type=\"text\" id=\"wpforms-274-field_1\" class=\"wpforms-field-medium\" name=\"wpforms[fields][1]\" >\n\t\t<\/div>\n\t\t<div id=\"wpforms-274-field_8-container\" class=\"wpforms-field wpforms-field-text\" data-field-id=\"8\"><label class=\"wpforms-field-label\" for=\"wpforms-274-field_8\">Pr\u00e9nom<\/label><input type=\"text\" id=\"wpforms-274-field_8\" class=\"wpforms-field-medium\" name=\"wpforms[fields][8]\" aria-errormessage=\"wpforms-274-field_8-error\" ><\/div><div id=\"wpforms-274-field_2-container\" class=\"wpforms-field wpforms-field-email\" data-field-id=\"2\"><label class=\"wpforms-field-label\" for=\"wpforms-274-field_2\">E-mail <span class=\"wpforms-required-label\" aria-hidden=\"true\">*<\/span><\/label><input type=\"email\" id=\"wpforms-274-field_2\" class=\"wpforms-field-medium wpforms-field-required\" name=\"wpforms[fields][2]\" spellcheck=\"false\" aria-errormessage=\"wpforms-274-field_2-error\" required><\/div><div id=\"wpforms-274-field_7-container\" class=\"wpforms-field wpforms-field-number\" data-field-id=\"7\"><label class=\"wpforms-field-label\" for=\"wpforms-274-field_7\">T\u00e9l\u00e9phone<\/label><input type=\"number\" id=\"wpforms-274-field_7\" class=\"wpforms-field-medium\" name=\"wpforms[fields][7]\" min=\"0\" max=\"10\" step=\"any\" aria-errormessage=\"wpforms-274-field_7-error\" ><\/div><div id=\"wpforms-274-field_3-container\" class=\"wpforms-field wpforms-field-textarea\" data-field-id=\"3\"><label class=\"wpforms-field-label\" for=\"wpforms-274-field_3\">Commentaire ou message<\/label><textarea id=\"wpforms-274-field_3\" class=\"wpforms-field-medium\" name=\"wpforms[fields][3]\" aria-errormessage=\"wpforms-274-field_3-error\" ><\/textarea><\/div><script>\n\t\t\t\t( function() {\n\t\t\t\t\tconst style = document.createElement( 'style' );\n\t\t\t\t\tstyle.appendChild( document.createTextNode( '#wpforms-274-field_1-container { position: absolute !important; overflow: hidden !important; display: inline !important; height: 1px !important; width: 1px !important; z-index: -1000 !important; padding: 0 !important; } #wpforms-274-field_1-container input { visibility: hidden; } #wpforms-conversational-form-page #wpforms-274-field_1-container label { counter-increment: none; }' ) );\n\t\t\t\t\tdocument.head.appendChild( style );\n\t\t\t\t\tdocument.currentScript?.remove();\n\t\t\t\t} )();\n\t\t\t<\/script><\/div><!-- .wpforms-field-container --><div class=\"wpforms-submit-container\" ><input type=\"hidden\" name=\"wpforms[id]\" value=\"274\"><input type=\"hidden\" name=\"page_title\" value=\"\"><input type=\"hidden\" name=\"page_url\" value=\"https:\/\/orthopedagogue30-84.fr\/index.php?rest_route=\/wp\/v2\/pages\/15\"><input type=\"hidden\" name=\"url_referer\" value=\"\"><button type=\"submit\" name=\"wpforms[submit]\" id=\"wpforms-submit-274\" class=\"wpforms-submit\" data-alt-text=\"Envoi...\" data-submit-text=\"Envoyer\" aria-live=\"assertive\" value=\"wpforms-submit\">Envoyer<\/button><img decoding=\"async\" src=\"https:\/\/orthopedagogue30-84.fr\/wp-content\/plugins\/wpforms-lite\/assets\/images\/submit-spin.svg\" class=\"wpforms-submit-spinner\" style=\"display: none;\" width=\"26\" height=\"26\" alt=\"Chargement en cours\"><\/div><\/form><\/div>  <!-- .wpforms-container -->\n\n\n\n<div class=\"wp-block-group alignfull has-background-background-color has-background is-layout-constrained wp-container-core-group-is-layout-7276a2bb wp-block-group-is-layout-constrained\" style=\"margin-top:0;margin-bottom:0;padding-top:var(--wp--preset--spacing--60);padding-right:var(--wp--preset--spacing--30);padding-bottom:var(--wp--preset--spacing--60);padding-left:var(--wp--preset--spacing--30)\">\n<div class=\"wp-block-columns alignwide are-vertically-aligned-center is-layout-flex wp-container-core-columns-is-layout-1da03c2a wp-block-columns-is-layout-flex\">\n<div class=\"wp-block-column is-vertically-aligned-center is-layout-flow wp-block-column-is-layout-flow\" style=\"flex-basis:50%\">\n<figure class=\"wp-block-gallery has-nested-images columns-default is-cropped wp-block-gallery-1 is-layout-flex wp-block-gallery-is-layout-flex\">\n<figure class=\"wp-block-image aligncenter size-full has-custom-border\" style=\"margin-left:var(--wp--preset--spacing--60)\"><img fetchpriority=\"high\" decoding=\"async\" width=\"595\" height=\"418\" data-id=\"612\" src=\"https:\/\/orthopedagogue30-84.fr\/wp-content\/uploads\/2026\/01\/salle-dattente-5.png\" alt=\"Orthop\u00e9dagogie - accompagnement de votreenfant en difficult\u00e9 scolaire\" class=\"wp-image-612\" style=\"border-top-left-radius:1rem;border-top-right-radius:20rem;border-bottom-left-radius:1rem;border-bottom-right-radius:0rem\" srcset=\"https:\/\/orthopedagogue30-84.fr\/wp-content\/uploads\/2026\/01\/salle-dattente-5.png 595w, https:\/\/orthopedagogue30-84.fr\/wp-content\/uploads\/2026\/01\/salle-dattente-5-300x211.png 300w\" sizes=\"(max-width: 595px) 100vw, 595px\" \/><\/figure>\n<\/figure>\n<\/div>\n\n\n\n<div class=\"wp-block-column is-layout-flow wp-block-column-is-layout-flow\" style=\"flex-basis:90%\">\n<p class=\"has-text-align-left has-hover-color has-text-color has-link-color has-small-font-size wp-elements-8d99ebf7c10777c3e13c5ab9220b6dda\">Merci de votre visite et de l\u2019int\u00e9r\u00eat port\u00e9<br> \u00e0 l\u2019accompagnement de votre enfant.<br><br>Laure Santoni<\/p>\n<\/div>\n<\/div>\n<\/div>\n\n\n\n<p><\/p>\n","protected":false},"excerpt":{"rendered":"<p>Merci de votre visite et de l\u2019int\u00e9r\u00eat port\u00e9 \u00e0 l\u2019accompagnement de votre enfant. Laure Santoni<\/p>\n","protected":false},"author":1,"featured_media":736,"parent":0,"menu_order":0,"comment_status":"closed","ping_status":"closed","template":"","meta":{"footnotes":""},"class_list":["post-15","page","type-page","status-publish","has-post-thumbnail","hentry"],"yoast_head":"<!-- This site is optimized with the Yoast SEO plugin v27.3 - https:\/\/yoast.com\/product\/yoast-seo-wordpress\/ -->\n<title>Contact - Accompagnement scolaire sur mesure<\/title>\n<meta name=\"robots\" content=\"index, follow, max-snippet:-1, max-image-preview:large, max-video-preview:-1\" \/>\n<link rel=\"canonical\" href=\"https:\/\/orthopedagogue30-84.fr\/?page_id=15\" \/>\n<meta property=\"og:locale\" content=\"fr_FR\" \/>\n<meta property=\"og:type\" content=\"article\" \/>\n<meta property=\"og:title\" content=\"Contact - Accompagnement scolaire sur mesure\" \/>\n<meta property=\"og:description\" content=\"Merci de votre visite et de l\u2019int\u00e9r\u00eat port\u00e9 \u00e0 l\u2019accompagnement de votre enfant. Laure Santoni\" \/>\n<meta property=\"og:url\" content=\"https:\/\/orthopedagogue30-84.fr\/?page_id=15\" \/>\n<meta property=\"og:site_name\" content=\"Accompagnement scolaire sur mesure\" \/>\n<meta property=\"article:modified_time\" content=\"2026-03-16T22:05:23+00:00\" \/>\n<meta property=\"og:image\" content=\"https:\/\/orthopedagogue30-84.fr\/wp-content\/uploads\/2026\/02\/page-seance-dorthopedagogie.png\" \/>\n\t<meta property=\"og:image:width\" content=\"652\" \/>\n\t<meta property=\"og:image:height\" content=\"508\" \/>\n\t<meta property=\"og:image:type\" content=\"image\/png\" \/>\n<meta name=\"twitter:card\" content=\"summary_large_image\" \/>\n<meta name=\"twitter:label1\" content=\"Dur\u00e9e de lecture estim\u00e9e\" \/>\n\t<meta name=\"twitter:data1\" content=\"1 minute\" \/>\n<script type=\"application\/ld+json\" class=\"yoast-schema-graph\">{\"@context\":\"https:\\\/\\\/schema.org\",\"@graph\":[{\"@type\":\"WebPage\",\"@id\":\"https:\\\/\\\/orthopedagogue30-84.fr\\\/?page_id=15\",\"url\":\"https:\\\/\\\/orthopedagogue30-84.fr\\\/?page_id=15\",\"name\":\"Contact - Accompagnement scolaire sur mesure\",\"isPartOf\":{\"@id\":\"https:\\\/\\\/orthopedagogue30-84.fr\\\/#website\"},\"primaryImageOfPage\":{\"@id\":\"https:\\\/\\\/orthopedagogue30-84.fr\\\/?page_id=15#primaryimage\"},\"image\":{\"@id\":\"https:\\\/\\\/orthopedagogue30-84.fr\\\/?page_id=15#primaryimage\"},\"thumbnailUrl\":\"https:\\\/\\\/orthopedagogue30-84.fr\\\/wp-content\\\/uploads\\\/2026\\\/02\\\/page-seance-dorthopedagogie.png\",\"datePublished\":\"2025-11-29T22:15:42+00:00\",\"dateModified\":\"2026-03-16T22:05:23+00:00\",\"breadcrumb\":{\"@id\":\"https:\\\/\\\/orthopedagogue30-84.fr\\\/?page_id=15#breadcrumb\"},\"inLanguage\":\"fr-FR\",\"potentialAction\":[{\"@type\":\"ReadAction\",\"target\":[\"https:\\\/\\\/orthopedagogue30-84.fr\\\/?page_id=15\"]}]},{\"@type\":\"ImageObject\",\"inLanguage\":\"fr-FR\",\"@id\":\"https:\\\/\\\/orthopedagogue30-84.fr\\\/?page_id=15#primaryimage\",\"url\":\"https:\\\/\\\/orthopedagogue30-84.fr\\\/wp-content\\\/uploads\\\/2026\\\/02\\\/page-seance-dorthopedagogie.png\",\"contentUrl\":\"https:\\\/\\\/orthopedagogue30-84.fr\\\/wp-content\\\/uploads\\\/2026\\\/02\\\/page-seance-dorthopedagogie.png\",\"width\":652,\"height\":508,\"caption\":\"orthop\u00e9dagogie\"},{\"@type\":\"BreadcrumbList\",\"@id\":\"https:\\\/\\\/orthopedagogue30-84.fr\\\/?page_id=15#breadcrumb\",\"itemListElement\":[{\"@type\":\"ListItem\",\"position\":1,\"name\":\"Accueil\",\"item\":\"https:\\\/\\\/orthopedagogue30-84.fr\\\/\"},{\"@type\":\"ListItem\",\"position\":2,\"name\":\"Contact\"}]},{\"@type\":\"WebSite\",\"@id\":\"https:\\\/\\\/orthopedagogue30-84.fr\\\/#website\",\"url\":\"https:\\\/\\\/orthopedagogue30-84.fr\\\/\",\"name\":\"Accompagnement scolaire sur mesure\",\"description\":\"\",\"publisher\":{\"@id\":\"https:\\\/\\\/orthopedagogue30-84.fr\\\/#organization\"},\"potentialAction\":[{\"@type\":\"SearchAction\",\"target\":{\"@type\":\"EntryPoint\",\"urlTemplate\":\"https:\\\/\\\/orthopedagogue30-84.fr\\\/?s={search_term_string}\"},\"query-input\":{\"@type\":\"PropertyValueSpecification\",\"valueRequired\":true,\"valueName\":\"search_term_string\"}}],\"inLanguage\":\"fr-FR\"},{\"@type\":\"Organization\",\"@id\":\"https:\\\/\\\/orthopedagogue30-84.fr\\\/#organization\",\"name\":\"Accompagnement scolaire sur mesure\",\"url\":\"https:\\\/\\\/orthopedagogue30-84.fr\\\/\",\"logo\":{\"@type\":\"ImageObject\",\"inLanguage\":\"fr-FR\",\"@id\":\"https:\\\/\\\/orthopedagogue30-84.fr\\\/#\\\/schema\\\/logo\\\/image\\\/\",\"url\":\"https:\\\/\\\/orthopedagogue30-84.fr\\\/wp-content\\\/uploads\\\/2026\\\/02\\\/cropped-Logo-Mission-impossible-log-petit-6.png\",\"contentUrl\":\"https:\\\/\\\/orthopedagogue30-84.fr\\\/wp-content\\\/uploads\\\/2026\\\/02\\\/cropped-Logo-Mission-impossible-log-petit-6.png\",\"width\":550,\"height\":97,\"caption\":\"Accompagnement scolaire sur mesure\"},\"image\":{\"@id\":\"https:\\\/\\\/orthopedagogue30-84.fr\\\/#\\\/schema\\\/logo\\\/image\\\/\"}}]}<\/script>\n<!-- \/ Yoast SEO plugin. -->","yoast_head_json":{"title":"Contact - Accompagnement scolaire sur mesure","robots":{"index":"index","follow":"follow","max-snippet":"max-snippet:-1","max-image-preview":"max-image-preview:large","max-video-preview":"max-video-preview:-1"},"canonical":"https:\/\/orthopedagogue30-84.fr\/?page_id=15","og_locale":"fr_FR","og_type":"article","og_title":"Contact - Accompagnement scolaire sur mesure","og_description":"Merci de votre visite et de l\u2019int\u00e9r\u00eat port\u00e9 \u00e0 l\u2019accompagnement de votre enfant. Laure Santoni","og_url":"https:\/\/orthopedagogue30-84.fr\/?page_id=15","og_site_name":"Accompagnement scolaire sur mesure","article_modified_time":"2026-03-16T22:05:23+00:00","og_image":[{"width":652,"height":508,"url":"https:\/\/orthopedagogue30-84.fr\/wp-content\/uploads\/2026\/02\/page-seance-dorthopedagogie.png","type":"image\/png"}],"twitter_card":"summary_large_image","twitter_misc":{"Dur\u00e9e de lecture estim\u00e9e":"1 minute"},"schema":{"@context":"https:\/\/schema.org","@graph":[{"@type":"WebPage","@id":"https:\/\/orthopedagogue30-84.fr\/?page_id=15","url":"https:\/\/orthopedagogue30-84.fr\/?page_id=15","name":"Contact - Accompagnement scolaire sur mesure","isPartOf":{"@id":"https:\/\/orthopedagogue30-84.fr\/#website"},"primaryImageOfPage":{"@id":"https:\/\/orthopedagogue30-84.fr\/?page_id=15#primaryimage"},"image":{"@id":"https:\/\/orthopedagogue30-84.fr\/?page_id=15#primaryimage"},"thumbnailUrl":"https:\/\/orthopedagogue30-84.fr\/wp-content\/uploads\/2026\/02\/page-seance-dorthopedagogie.png","datePublished":"2025-11-29T22:15:42+00:00","dateModified":"2026-03-16T22:05:23+00:00","breadcrumb":{"@id":"https:\/\/orthopedagogue30-84.fr\/?page_id=15#breadcrumb"},"inLanguage":"fr-FR","potentialAction":[{"@type":"ReadAction","target":["https:\/\/orthopedagogue30-84.fr\/?page_id=15"]}]},{"@type":"ImageObject","inLanguage":"fr-FR","@id":"https:\/\/orthopedagogue30-84.fr\/?page_id=15#primaryimage","url":"https:\/\/orthopedagogue30-84.fr\/wp-content\/uploads\/2026\/02\/page-seance-dorthopedagogie.png","contentUrl":"https:\/\/orthopedagogue30-84.fr\/wp-content\/uploads\/2026\/02\/page-seance-dorthopedagogie.png","width":652,"height":508,"caption":"orthop\u00e9dagogie"},{"@type":"BreadcrumbList","@id":"https:\/\/orthopedagogue30-84.fr\/?page_id=15#breadcrumb","itemListElement":[{"@type":"ListItem","position":1,"name":"Accueil","item":"https:\/\/orthopedagogue30-84.fr\/"},{"@type":"ListItem","position":2,"name":"Contact"}]},{"@type":"WebSite","@id":"https:\/\/orthopedagogue30-84.fr\/#website","url":"https:\/\/orthopedagogue30-84.fr\/","name":"Accompagnement scolaire sur mesure","description":"","publisher":{"@id":"https:\/\/orthopedagogue30-84.fr\/#organization"},"potentialAction":[{"@type":"SearchAction","target":{"@type":"EntryPoint","urlTemplate":"https:\/\/orthopedagogue30-84.fr\/?s={search_term_string}"},"query-input":{"@type":"PropertyValueSpecification","valueRequired":true,"valueName":"search_term_string"}}],"inLanguage":"fr-FR"},{"@type":"Organization","@id":"https:\/\/orthopedagogue30-84.fr\/#organization","name":"Accompagnement scolaire sur mesure","url":"https:\/\/orthopedagogue30-84.fr\/","logo":{"@type":"ImageObject","inLanguage":"fr-FR","@id":"https:\/\/orthopedagogue30-84.fr\/#\/schema\/logo\/image\/","url":"https:\/\/orthopedagogue30-84.fr\/wp-content\/uploads\/2026\/02\/cropped-Logo-Mission-impossible-log-petit-6.png","contentUrl":"https:\/\/orthopedagogue30-84.fr\/wp-content\/uploads\/2026\/02\/cropped-Logo-Mission-impossible-log-petit-6.png","width":550,"height":97,"caption":"Accompagnement scolaire sur mesure"},"image":{"@id":"https:\/\/orthopedagogue30-84.fr\/#\/schema\/logo\/image\/"}}]}},"_links":{"self":[{"href":"https:\/\/orthopedagogue30-84.fr\/index.php?rest_route=\/wp\/v2\/pages\/15","targetHints":{"allow":["GET"]}}],"collection":[{"href":"https:\/\/orthopedagogue30-84.fr\/index.php?rest_route=\/wp\/v2\/pages"}],"about":[{"href":"https:\/\/orthopedagogue30-84.fr\/index.php?rest_route=\/wp\/v2\/types\/page"}],"author":[{"embeddable":true,"href":"https:\/\/orthopedagogue30-84.fr\/index.php?rest_route=\/wp\/v2\/users\/1"}],"replies":[{"embeddable":true,"href":"https:\/\/orthopedagogue30-84.fr\/index.php?rest_route=%2Fwp%2Fv2%2Fcomments&post=15"}],"version-history":[{"count":10,"href":"https:\/\/orthopedagogue30-84.fr\/index.php?rest_route=\/wp\/v2\/pages\/15\/revisions"}],"predecessor-version":[{"id":1264,"href":"https:\/\/orthopedagogue30-84.fr\/index.php?rest_route=\/wp\/v2\/pages\/15\/revisions\/1264"}],"wp:featuredmedia":[{"embeddable":true,"href":"https:\/\/orthopedagogue30-84.fr\/index.php?rest_route=\/wp\/v2\/media\/736"}],"wp:attachment":[{"href":"https:\/\/orthopedagogue30-84.fr\/index.php?rest_route=%2Fwp%2Fv2%2Fmedia&parent=15"}],"curies":[{"name":"wp","href":"https:\/\/api.w.org\/{rel}","templated":true}]}}